l = 26 - z. What is the remainder when 30 is divided by l?
13
Suppose 5*l - 65 = -0. What is the remainder when (1*l)/((-5)/(-5)) is divided by 5?
3
Let p(l) = 3*l - 8. Let h = -14 - -23. Calculate the remainder when p(8) is divided by h.
7
What is the remainder when 1/(6/(-8) + 1) is divided by 2?
0
Suppose 4*s + 189 = 5*r, 5*r + 4*s - 104 - 117 = 0. Let o be -1 + 0 - (0 + -3). Suppose -o + 30 = 2*c. What is the remainder when r is divided by c?
13
Let n(q) = -7*q + 15. Let a(p) = -p**2 - p + 5. Let s be a(4). Let h = 2 - s. What is the remainder when n(-5) is divided by h?
16
Let o = 64 + 11. What is the remainder when o is divided by 26?
23
Let u(k) be the second derivative of -k**5/20 - k**4/4 + k**2/2 + 2*k. Calculate the remainder when (-3 - 24/(-9))*-6 is divided by u(-3).
0
Suppose 3*f = -2*r + 174, -97 = -3*f + 2*r + 89. Let a = f - 43. Suppose -3*t + 6 = -21. Calculate the remainder when a is divided by t.
8
Let x(h) = h**3 + 6*h**2 - 7*h + 4. Let k be x(-7). Let d(u) = 2*u**2 - 3*u + 5. Let j = -33 + 81. Calculate the remainder when j is divided by d(k).
23
Let g = 18 - 13. Suppose -15 = 2*l + g*c - 5, -4*l + 3*c = -32. Calculate the remainder when 8 is divided by l.
3
Suppose 7*m - 2*m - 515 = 0. Let r(c) = -c**2 - 13*c - 7. Calculate the remainder when m is divided by r(-7).
33
Suppose -2*o = -3*o + 159. Calculate the remainder when o is divided by 32.
31
Calculate the remainder when 21 is divided by (-1)/(-6)*2*24.
5
Let w(x) = x + 7. Let c(g) = -5*g - 27. Let d(a) = -2*c(a) - 9*w(a). Let z be d(0). Calculate the remainder when 49 is divided by (-6)/z - 37/(-3).
10
Suppose -p = -6 + 2. Let c = -11 + 1. Let z = -3 - c. Calculate the remainder when z is divided by p.
3
Calculate the remainder when (-596)/(-10) - (-1 + (-24)/(-15)) is divided by 12.
11
Suppose z = -5*s + 20, 6*s = s + 5*z + 50. Calculate the remainder when s is divided by 3.
2
Let q(o) = -15*o - 2. Let w(d) = 6*d**2 - d + 1. Let x be w(1). What is the remainder when q(-4) is divided by (-60)/4*(-8)/x?
18
Suppose -5*m - 15 = -3*d, -5*m - 8 + 23 = 3*d. Let w = d + -3. Let x(p) = -p**2 + 4*p - 2. Calculate the remainder when x(w) is divided by 1.
0
Let v be (-1 - -1)/((-1)/(-1)). Suppose v = -h - 3*h. Suppose -2*j - j + p + 22 = 0, -j - 3*p + 4 = h. What is the remainder when j is divided by 4?
3
Let d = 23 + -15. Suppose -d = -4*u + 16. What is the remainder when u is divided by 4?
2
Let q = -5 + 8. Let c be q*(-10)/(-6) + 1. Suppose -95 = s - c*s. Calculate the remainder when 36 is divided by s.
17
Suppose -3 = -4*y + 21. Calculate the remainder when (-2 + -26)/(6/(-9)) is divided by (-88)/y*(-3)/2.
20
Let v(c) = c**3 - 4*c - 7. What is the remainder when v(5) is divided by 25?
23
Let n = 638 - 591. Let p = 45 - 21. What is the remainder when n is divided by p?
23
Let g(z) be the first derivative of -z**3/3 + 3*z**2 + 3*z + 2. Calculate the remainder when 1 - ((-2 - 1) + 0) is divided by g(6).
1
Calculate the remainder when 2100/(-63)*(-6)/2 is divided by 17.
15
Let l(q) = 61*q - 1. Let f be l(2). What is the remainder when f/5 + (-1)/5 is divided by (-8 + -5)*(-1 + 0)?
11
Suppose -2 + 5 = i. Suppose 28 = 4*j - 4*o, -j + 2*j = -4*o + 17. Suppose -x + 0*l = -i*l - 13, l = -3*x + j. What is the remainder when 7 is divided by x?
3
Let i(d) = d - 1. Let j be i(-7). Let p = 25 + j. What is the remainder when p is divided by 30/4*14/21?
2
Let d be 3 - (1 + 0 - 0). Suppose -2*t = d*i + 2*t + 4, 3*i = 5*t + 49. What is the remainder when (3/(-2))/((-5)/50) is divided by i?
7
Let w = 48 + -43. What is the remainder when 39 is divided by w?
4
Let s(j) = 4*j - 73. Let d(n) = n. Calculate the remainder when s(21) is divided by d(6).
5
Let s(m) = 45*m - 1. Let d be s(1). Suppose y + 2 = 0, -6*g + y = -3*g - d. Calculate the remainder when 26 is divided by g.
12
Let b(x) = -x**2 + x + 3. Let d be b(4). Let k = 6 - d. Calculate the remainder when 59 is divided by k.
14
Suppose 13*u = 14*u - 18. Calculate the remainder when u is divided by 7.
4
Let z(o) = 7 + 4 - 10*o + o**2 + 2 - 1. Let m be z(9). Suppose -4*d = 3*x - 5, 0*d - 17 = -m*x - d. Calculate the remainder when 27 is divided by x.
6
Let w = -58 - -71. What is the remainder when 24 is divided by w?
11
Let m(b) = b**3 + 5*b**2 - 3*b - 6. Let x(p) = p**3 + 7*p**2 + 4. Let d be x(-3). Suppose 4*o + o - d = 0. Calculate the remainder when m(-4) is divided by o.
6
What is the remainder when ((-5)/(-10))/((-2)/(-460)) is divided by 10?
5
Suppose 5*c - 81 = 4. What is the remainder when c is divided by 5 + 2/(1 + 1)?
5
Suppose 3*d = -0*d + 6. Suppose -2*k + 4 = -5*v - 49, 2*k = 3*v + 31. Calculate the remainder when 16 is divided by v/(-2)*d - 2.
7
Let c be (26 - (-4)/(-2)) + -2. Let b = -14 + c. What is the remainder when (-23*(-3)/15)/((-2)/(-10)) is divided by b?
7
Suppose -3*a = -5*x - 1 + 7, 2*x + 3 = 3*a. What is the remainder when 8 is divided by a?
2
Let t = 1 - -2. Calculate the remainder when 9 is divided by t.
0
Let p(n) = 5*n - 9. Calculate the remainder when 30 is divided by p(4).
8
Suppose 5*g + i - 419 = -i, 5*g + i = 422. Let d = g + -49. Suppose -52 = -5*v - 3*h, -3*v - 3*h + 0*h + d = 0. What is the remainder when 23 is divided by v?
7
Let o(q) = -q**3 + 8*q**2 - 5*q + 3. Calculate the remainder when 65 is divided by o(7).
14
Let t = -15 + 31. What is the remainder when 30 is divided by t?
14
What is the remainder when (16 - -2)*(-2)/(-4) is divided by 5?
4
Suppose 5*x - 8 = 4*x. Let q = 13 + 18. What is the remainder when q is divided by x?
7
Let v be (-8 + 5)*79/(-1). Suppose -j = 2*j - v. Calculate the remainder when j is divided by 27 + 0*(-1)/1.
25
Let q(d) = -d**3 - 4*d**2 + 11*d + 3. Calculate the remainder when 15 is divided by q(-6).
6
Let t(w) = 2*w**3 + 15*w**2 - 11*w - 12. Calculate the remainder when t(-8) is divided by 2.
0
Let o(n) = -n**3 - n**2 + 2*n + 3. Let l = -7 + 10. What is the remainder when (6/1)/(l/2) is divided by o(-2)?
1
Let v(f) = -2*f**2 - 44*f + 12. What is the remainder when 71 is divided by v(-22)?
11
Let q(s) = -14*s + 5. Calculate the remainder when q(-5) is divided by 19.
18
Let m be (0 - 1) + 42 + 8. Suppose 5*z = -2*k + m, 2*z - 90 = -4*k - 0. What is the remainder when k is divided by 12?
10
Suppose -a + 61 = 2*r, -4*a + r + 19 + 180 = 0. Calculate the remainder when a is divided by (-1)/(-2*(-2)/(-52)).
12
Suppose -2*i = 3*y - 42, i - 3*i + 56 = 4*y. Calculate the remainder when 53 is divided by y.
11
What is the remainder when (2/(2/3))/((-6)/(-226)) is divided by 23?
21
Suppose -2*z - 3 = -17. Calculate the remainder when 26 is divided by z.
5
Suppose 3*c + 6*g - 2*g = 20, -3*g - 3 = 0. Calculate the remainder when 5 is divided by (-1)/4 + 26/c.
2
Let a(m) = m + 14. Calculate the remainder when 86 is divided by a(8).
20
Suppose 2*r + 3*r + 2*w = 46, 0 = -3*w - 6. Let a(s) = r*s**2 + 1 - s**3 - 3*s - 2*s - 3*s + 7. What is the remainder when 65 is divided by a(9)?
14
Suppose 2*z - 19 = -3*j, 0*z - 14 = -4*j + 3*z. Suppose 7 = 3*x + 5*t - 56, 5*t = j*x - 145. Calculate the remainder when x is divided by 10.
6
Let y(p) = -3*p + 3. Calculate the remainder when y(-4) is divided by 4.
3
Let m(z) = 2*z**2 + 3. What is the remainder when m(-3) is divided by 6?
3
Let f be 1 - 3 - (-5 - -1). Let o(i) = 5*i - 1. Let b = 16 - -17. Calculate the remainder when b is divided by o(f).
6
Let i(q) = 4*q + 18. What is the remainder when i(6) is divided by 11?
9
Calculate the remainder when 57 is divided by (1 - 3) + 0 + 14.
9
Let b(w) = w + 11. Suppose 11 + 1 = 4*y. Suppose -j = y - 19. What is the remainder when b(19) is divided by j?
14
Suppose 0 = 4*o + 2*y - 88, o + 68 = 3*o - 5*y. Calculate the remainder when o is divided by 13.
11
Suppose -78 = -4*h + 62. Let k(x) = 2*x**2 + 4*x - 4. Calculate the remainder when h is divided by k(-4).
11
Calculate the remainder when (-33)/55 + -2 + 418/5 is divided by 17.
13
Let o be 5/(10/12) + -2. Suppose -4*h + 5*h - 14 = -f, -4*h + 24 = -o*f. Calculate the remainder when 39 is divided by h.
9
Let q(n) = -n**2 - 5*n + 3. What is the remainder when 4 is divided by q(-5)?
1
Let p(c) = c**2 - c - 2. Let i be p(2). Suppose i*q - 5*q = -5, 0 = -s + 3*q. Calculate the remainder when (10 - 0) + (-39)/13 is divided by s.
1
Calculate the remainder whe